{"id":1065,"date":"2017-02-01T11:09:00","date_gmt":"2017-02-01T10:09:00","guid":{"rendered":"https:\/\/istitutopiazzasauli.edu.it\/?page_id=1065"},"modified":"2020-06-02T17:40:35","modified_gmt":"2020-06-02T15:40:35","slug":"note-legali","status":"publish","type":"page","link":"https:\/\/istitutopiazzasauli.edu.it\/note-legali\/","title":{"rendered":"Note Legali"},"content":{"rendered":"<div class=\"pdfprnt-buttons pdfprnt-buttons-page pdfprnt-top-right\"><a href=\"https:\/\/istitutopiazzasauli.edu.it\/wp-json\/wp\/v2\/pages\/1065?print=pdf\" class=\"pdfprnt-button pdfprnt-button-pdf\" target=\"_blank\"><img src=\"https:\/\/istitutopiazzasauli.edu.it\/wp-content\/plugins\/pdf-print\/images\/pdf.png\" alt=\"image_pdf\" title=\"View PDF\" \/><\/a><a href=\"https:\/\/istitutopiazzasauli.edu.it\/wp-json\/wp\/v2\/pages\/1065?print=print\" class=\"pdfprnt-button pdfprnt-button-print\" target=\"_blank\"><img src=\"https:\/\/istitutopiazzasauli.edu.it\/wp-content\/plugins\/pdf-print\/images\/print.png\" alt=\"image_print\" title=\"Print Content\" \/><\/a><\/div><h3>Utilizzo del sito<\/h3>\n<p>In nessun caso l\u2019Istituto Piazza Sauli potr\u00e0 essere ritenuto responsabile dei danni di qualsiasi natura causati direttamente o indirettamente dall\u2019accesso al sito, dall\u2019incapacit\u00e0 o impossibilit\u00e0 di accedervi, dall\u2019affidamento dell\u2019utente e dall\u2019utilizzo dei contenuti. L\u2019istituto provveder\u00e0 a inserire nel sito informazioni aggiornate, ma non garantisce circa la loro completezza o accuratezza.<\/p>\n<h3>Accesso a siti esterni collegati<\/h3>\n<p>l\u2019Istituto Piazza Sauli non ha alcuna responsabilit\u00e0 per quanto riguarda i siti ai quali \u00e8 possibile accedere tramite i collegamenti posti all\u2019interno del sito stesso: sono forniti come semplice servizio agli utenti della rete. Fornire collegamenti non implica l\u2019approvazione dei siti stess. L\u2019Istituto Comprensivo di Corniglio non \u00e8 responsabile in merito alle informazioni ottenute dall\u2019utente tramite l\u2019accesso ai siti collegati: della completezza e precisione delle informazioni sono da ritenersi responsabili i soggetti titolari dei siti ai quali si accede alle condizioni dagli stessi previste. L\u2019Istituto \u2026 non offre alcuna assicurazione sul software eventualmente presente sul proprio sito o su siti esterni e non pu\u00f2 garantirne qualit\u00e0, sicurezza e compatibilit\u00e0 con i sistemi in uso.<\/p>\n<h3>Virus informatici<\/h3>\n<p>l\u2019Istituto Piazza Sauli non garantisce che il sito sia privo di errori o virus. l\u2019Istituto Piazza Sauli, i suoi fornitori e i suoi collaboratori non sono responsabili per i danni subiti dall\u2019utente a causa di tali elementi di carattere distruttivo.<\/p>\n","protected":false},"excerpt":{"rendered":"<p>Utilizzo del sito In nessun caso l\u2019Istituto Piazza Sauli potr\u00e0 essere ritenuto responsabile dei danni di qualsiasi natura causati direttamente o indirettamente dall\u2019accesso al sito, dall\u2019incapacit\u00e0 o impossibilit\u00e0 di accedervi, \u2026<\/p>\n","protected":false},"author":4,"featured_media":0,"parent":0,"menu_order":0,"comment_status":"closed","ping_status":"closed","template":"","meta":[],"_links":{"self":[{"href":"https:\/\/istitutopiazzasauli.edu.it\/wp-json\/wp\/v2\/pages\/1065"}],"collection":[{"href":"https:\/\/istitutopiazzasauli.edu.it\/wp-json\/wp\/v2\/pages"}],"about":[{"href":"https:\/\/istitutopiazzasauli.edu.it\/wp-json\/wp\/v2\/types\/page"}],"author":[{"embeddable":true,"href":"https:\/\/istitutopiazzasauli.edu.it\/wp-json\/wp\/v2\/users\/4"}],"replies":[{"embeddable":true,"href":"https:\/\/istitutopiazzasauli.edu.it\/wp-json\/wp\/v2\/comments?post=1065"}],"version-history":[{"count":3,"href":"https:\/\/istitutopiazzasauli.edu.it\/wp-json\/wp\/v2\/pages\/1065\/revisions"}],"predecessor-version":[{"id":4593,"href":"https:\/\/istitutopiazzasauli.edu.it\/wp-json\/wp\/v2\/pages\/1065\/revisions\/4593"}],"wp:attachment":[{"href":"https:\/\/istitutopiazzasauli.edu.it\/wp-json\/wp\/v2\/media?parent=1065"}],"curies":[{"name":"wp","href":"https:\/\/api.w.org\/{rel}","templated":true}]}}